 is the hundreds digit of 96797?
7
What is the millions digit of 9199090?
9
What is the hundreds digit of 71282?
2
What is the units digit of 36159363?
3
What is the hundreds digit of 5716048?
0
What is the hundred thousands digit of 1946432?
9
What is the hundred thousands digit of 7148110?
1
What is the units digit of 465834?
4
What is the ten thousands digit of 4262720?
6
What is the hundreds digit of 2880743?
7
What is the thousands digit of 396139?
6
What is the thousands digit of 295243?
5
What is the hundreds digit of 935290?
2
What is the hundreds digit of 1734218?
2
What is the thousands digit of 3388221?
8
What is the hundred thousands digit of 26459770?
4
What is the millions digit of 18925193?
8
What is the thousands digit of 240415?
0
What is the tens digit of 236980?
8
What is the thousands digit of 5861792?
1
What is the millions digit of 2399922?
2
What is the hundreds digit of 150270?
2
What is the hundreds digit of 117987?
9
What is the millions digit of 1038829?
1
What is the units digit of 181787?
7
What is the hundred thousands digit of 287074?
2
What is the hundred thousands digit of 932017?
9
What is the units digit of 4393122?
2
What is the thousands digit of 162353?
2
What is the hundreds digit of 22029?
0
What is the thousands digit of 2969517?
9
What is the tens digit of 1009354?
5
What is the hundreds digit of 22043673?
6
What is the thousands digit of 14989279?
9
What is the hundred thousands digit of 813853?
8
What is the thousands digit of 278464?
8
What is the tens digit of 253356?
5
What is the hundreds digit of 548797?
7
What is the ten thousands digit of 663739?
6
What is the hundreds digit of 9126777?
7
What is the ten thousands digit of 1799146?
9
What is the thousands digit of 107684?
7
What is the millions digit of 1836587?
1
What is the units digit of 177689?
9
What is the hundreds digit of 16885059?
0
What is the ten millions digit of 16721054?
1
What is the hundreds digit of 8073?
0
What is the thousands digit of 151188?
1
What is the units digit of 3014016?
6
What is the hundreds digit of 166957?
9
What is the ten thousands digit of 9888137?
8
What is the thousands digit of 1465035?
5
What is the hundreds digit of 171422?
4
What is the thousands digit of 297587?
7
What is the hundreds digit of 1493167?
1
What is the hundreds digit of 1194998?
9
What is the units digit of 85041?
1
What is the thousands digit of 395549?
5
What is the ten thousands digit of 899777?
9
What is the ten thousands digit of 4277136?
7
What is the units digit of 173848?
8
What is the tens digit of 5688751?
5
What is the ten thousands digit of 1076431?
7
What is the tens digit of 5783509?
0
What is the ten thousands digit of 2498060?
9
What is the ten millions digit of 18168013?
1
What is the tens digit of 255962?
6
What is the hundreds digit of 2727941?
9
What is the tens digit of 1688025?
2
What is the ten thousands digit of 5881094?
8
What is the ten thousands digit of 128270?
2
What is the tens digit of 2010027?
2
What is the thousands digit of 381218?
1
What is the hundred thousands digit of 5793772?
7
What is the hundreds digit of 133495?
4
What is the thousands digit of 404563?
4
What is the ten thousands digit of 22349986?
4
What is the hundred thousands digit of 498387?
4
What is the ten thousands digit of 221216?
2
What is the ten thousands digit of 1202603?
0
What is the tens digit of 316463?
6
What is the hundred thousands digit of 612717?
6
What is the hundred thousands digit of 12013490?
0
What is the hundred thousands digit of 8499926?
4
What is the ten thousands digit of 177556?
7
What is the hundreds digit of 4027048?
0
What is the tens digit of 7900611?
1
What is the ten thousands digit of 4237260?
3
What is the millions digit of 10650761?
0
What is the tens digit of 246667?
6
What is the thousands digit of 542255?
2
What is the hundred thousands digit of 624802?
6
What is the ten thousands digit of 12206525?
0
What is the units digit of 57001?
1
What is the units digit of 1908634?
4
What is the hundreds digit of 5272351?
3
What is the tens digit of 1194509?
0
What is the ten thousands digit of 193149?
9
What is the ten thousands digit of 653437?
5
What is the units digit of 58138?
8
What is the tens digit of 32541?
4
What is the ten thousands digit of 9765928?
6
What is the tens digit of 298428?
2
What is the hundreds digit of 275357?
3
What is the ten thousands digit of 466350?
6
What is the tens digit of 3875037?
3
What is the hundreds digit of 20396281?
2
What is the hundred thousands digit of 412717?
4
What is the ten thousands digit of 231875?
3
What is the thousands digit of 68368?
8
What is the hundred thousands digit of 699059?
6
What is the ten millions digit of 11047576?
1
What is the tens digit of 3249225?
2
What is the hundred thousands digit of 2612243?
6
What is the hundreds digit of 8308275?
2
What is the hundreds digit of 17694?
6
What is the millions digit of 8087326?
8
What is the millions digit of 3016624?
3
What is the tens digit of 124758?
5
What is the millions digit of 1614065?
1
What is the tens digit of 167449?
4
What is the tens digit of 3073025?
2
What is the thousands digit of 25880188?
0
What is the millions digit of 10544257?
0
What is the hundreds digit of 17122062?
0
What is the tens digit of 9093883?
8
What is the millions digit of 18832880?
8
What is the hundred thousands digit of 715736?
7
What is the ten thousands digit of 1173478?
7
What is the thousands digit of 2600481?
0
What is the ten thousands digit of 862521?
6
What is the thousands digit of 3020916?
0
What is the units digit of 12990548?
8
What is the hundreds digit of 2935902?
9
What is the tens digit of 2784556?
5
What is the tens digit of 12165176?
7
What is the units digit of 64837?
7
What is the units digit of 159603?
3
What is the tens digit of 183059?
5
What is the units digit of 110902?
2
What is the hundreds digit of 128547?
5
What is the tens digit of 358452?
5
What is the hundred thousands digit of 461509?
4
What is the hundreds digit of 502679?
6
What is the ten thousands digit of 14207?
1
What is the hundreds digit of 3860585?
5
What is the units digit of 588098?
8
What is the hundreds digit of 8857509?
5
What is the tens digit of 218739?
3
What is the hundred thousands digit of 104167?
1
What is the units digit of 215617?
7
What is the tens digit of 25365981?
8
What is the hundreds digit of 1212092?
0
What is the tens digit of 4052452?
5
What is the hundreds digit of 1694847?
8
What is the hundred thousands digit of 10294747?
2
What is the units digit of 1340310?
0
What is the hundred thousands digit of 11973176?
9
What is the thousands digit of 974973?
4
What is the hundred thousands digit of 1500004?
5
What is the thousands digit of 12668886?
8
What is the tens digit of 827042?
4
What is the units digit of 218674?
4
What is the tens digit of 5613113?
1
What is the thousands digit of 4917369?
7
What is the hundreds digit of 2819?
8
What is the hundred thousands digit of 374047?
3
What is the millions digit of 1834661?
1
What is the millions digit of 4777761?
4
What is the ten thousands digit of 3932783?
3
What is the thousands digit of 2986506?
6
What is the units digit of 609246?
6
What is the thousands digit of 328784?
8
What is the ten millions digit of 10855107?
1
What is the millions digit of 1759682?
1
What is the ten thousands digit of 130378?
3
What is the hundred thousands digit of 1139934?
1
What is the thousands digit of 1588966?
8
What is the ten thousands digit of 138207?
3
What is the tens digit of 1884650?
5
What is the ten thousands digit of 2185950?
8
What is the hundreds digit of 529758?
7
What is the ten thousands digit of 584568?
8
What is the thousands digit of 1531662?
1
What is the ten thousands digit of 3435970?
3
What is the units digit of 753437?
7
What is the units digit of 692280?
0
What is the ten thousands digit of 7296922?
9
What is the thousands digit of 3617674?
7
What is the ten millions digit of 37630859?
3
What is the tens digit of 599152?
5
What is the hundred thousands digit of 859331?
8
What is the hundred thousands digit of 274190?
2
What is the hundred thousands digit of 255745?
2
What is the ten millions digit of 34818268?
3
What is the hundreds digit of 